{"id":11166,"date":"2026-03-13T09:12:08","date_gmt":"2026-03-13T08:12:08","guid":{"rendered":"https:\/\/focus-gruppe.de\/immobilie\/https-focus-makler-de-immobilie-moderne-bueroflaechen-im-graphischen-viertel-tiefgarage-5183_3\/"},"modified":"2026-03-13T09:12:09","modified_gmt":"2026-03-13T08:12:09","slug":"https-focus-makler-de-immobilie-moderne-bueroflaechen-im-graphischen-viertel-tiefgarage-5183_3","status":"publish","type":"immobilie","link":"https:\/\/focus-gruppe.de\/en\/immobilie\/https-focus-makler-de-immobilie-moderne-bueroflaechen-im-graphischen-viertel-tiefgarage-5183_3\/","title":{"rendered":"MODERNE B\u00dcROFL\u00c4CHEN IM GRAPHISCHEN VIERTEL TIEFGARAGE"},"content":{"rendered":"<p>Das 1994 erbaute sechsgeschossige B\u00fcro- und Gesch\u00e4ftshaus, befindet sich direkt im graphischen Viertel und verf\u00fcgt&#8230;<\/p>\n","protected":false},"excerpt":{"rendered":"<p>Das 1994 erbaute sechsgeschossige B\u00fcro- und Gesch\u00e4ftshaus, befindet sich direkt im graphischen Viertel und verf\u00fcgt&#8230;<\/p>\n","protected":false},"featured_media":11167,"template":"","meta":{"_acf_changed":false,"_kb_optimizer_status":0,"_kad_blocks_custom_css":"","_kad_blocks_head_custom_js":"","_kad_blocks_body_custom_js":"","_kad_blocks_footer_custom_js":"","_kad_post_transparent":"","_kad_post_title":"","_kad_post_layout":"","_kad_post_sidebar_id":"","_kad_post_content_style":"","_kad_post_vertical_padding":"","_kad_post_feature":"","_kad_post_feature_position":"","_kad_post_header":false,"_kad_post_footer":false,"_kad_post_classname":""},"class_list":["post-11166","immobilie","type-immobilie","status-publish","has-post-thumbnail","hentry"],"acf":[],"taxonomy_info":[],"featured_image_src_large":["https:\/\/focus-gruppe.de\/wp-content\/uploads\/2026\/01\/209533-1024x800.jpg",1024,800,true],"author_info":[],"comment_info":"","_links":{"self":[{"href":"https:\/\/focus-gruppe.de\/en\/wp-json\/wp\/v2\/immobilie\/11166","targetHints":{"allow":["GET"]}}],"collection":[{"href":"https:\/\/focus-gruppe.de\/en\/wp-json\/wp\/v2\/immobilie"}],"about":[{"href":"https:\/\/focus-gruppe.de\/en\/wp-json\/wp\/v2\/types\/immobilie"}],"wp:featuredmedia":[{"embeddable":true,"href":"https:\/\/focus-gruppe.de\/en\/wp-json\/wp\/v2\/media\/11167"}],"wp:attachment":[{"href":"https:\/\/focus-gruppe.de\/en\/wp-json\/wp\/v2\/media?parent=11166"}],"curies":[{"name":"wp","href":"https:\/\/api.w.org\/{rel}","templated":true}]}}

MODERNE BÜROFLÄCHEN IM GRAPHISCHEN VIERTEL TIEFGARAGE

<p>Das 1994 erbaute sechsgeschossige Büro- und Geschäftshaus, befindet sich direkt im graphischen Viertel und verfügt&#8230;</p>
